 What is the greatest common factor of f and m?
25
Let x be (-11)/(1232/42) + (-6774)/(-16). What is the greatest common divisor of 376 and x?
47
Let r be -18*(2 + (-45)/(-6) + -10). What is the highest common divisor of r and 4761?
9
Let r(b) = -71*b - 344. Let t be r(-29). Calculate the greatest common divisor of 595 and t.
35
Let v(u) = -107*u - 12675. Let p be v(-125). Calculate the greatest common divisor of p and 8900.
100
Let j(k) = -4*k**3 - 9*k**2 - k - 4. Let g be j(-4). Suppose -g - 8 = -6*r. Let z = -6 + 11. Calculate the highest common divisor of r and z.
5
Let p be (-5 - 88/(-16))*-378. Let n = p + 332. Calculate the greatest common divisor of 52 and n.
13
Let b = -66042 + 66390. Let j = 68 + -44. Calculate the highest common divisor of j and b.
12
Suppose 8*u - 9*u + 5 = 0. Suppose 2*p + u*m + 3 = p, 2*p + 4*m = 0. Let f = 18 - p. Calculate the greatest common divisor of f and 24.
8
Suppose -69 = 5*u + 46. Let y = 31 - u. Suppose -3*p = 3*g - 54, -4*p - 3*g + 30 = -42. What is the greatest common divisor of y and p?
18
Let t be 1/(-3) - 5/(75/(-380)). Suppose -t = -9*c + 11. Suppose 0 = -3*z - 5*p + 3*p + 493, -c*z = p - 659. Calculate the greatest common divisor of 15 and z.
15
Suppose m - 7 = 33. Suppose 5*s = 1385 + 690. Let a = s - 399. Calculate the highest common divisor of a and m.
8
Suppose -3*w + 17 = 3*i - 10, 3*i = -w + 29. Suppose -3*o = 3*l - 60, -4*l - 34 - 6 = -4*o. Suppose o = f - i. What is the greatest common divisor of f and 10?
5
Suppose 0 = -308*m + 30210 + 16606. What is the highest common divisor of 120 and m?
8
Let n = 1323 + -1287. Let l be 0/(-3)*(4 - 3). Suppose l*h + 4*r = -4*h + 256, 4*r + 104 = 2*h. What is the highest common divisor of n and h?
12
Let l = 198 - 164. Suppose 94 = 4*q - l. Calculate the highest common divisor of 24 and q.
8
Suppose 0 = -5*p + 6 + 39. Let h be (155 - 195) + -1 + 284. Calculate the greatest common factor of p and h.
9
Let q(p) = -14*p - 156. Let c be q(-12). Let t(l) = -38*l + 2. Let s be t(-5). What is the greatest common divisor of s and c?
12
Let p(k) = -7*k + 238. Let l be p(34). Suppose 0 = -l*z + 13*z - 1638. Calculate the greatest common factor of z and 56.
14
Let p be ((-4)/(-14))/((-12)/84) - 0. Let s be (-1)/(-4) - (-1528)/(-64)*p. Calculate the highest common factor of s and 128.
16
Let x(y) = -95*y + 971. Let b be x(9). Calculate the greatest common factor of 8 and b.
4
Suppose 50 - 1030 = -14*q. Suppose 22*k + 15*k - 3626 = 0. Calculate the highest common divisor of q and k.
14
Let y = -373 - -376. Suppose -8 = 5*i - 3*i. Let u be (-2 - (-1 + i))/(y/2). Calculate the greatest common divisor of 8 and u.
2
Let l be (-34)/(-1) - 0/(-1). Suppose 5*k - 7*k = 0, -5*k + 410 = 2*d. Suppose -5*z - 5*c + d = -50, 0 = -3*c. Calculate the greatest common factor of l and z.
17
Let h be 4/(1/1)*1. Let f = 312 + -308. Suppose -f*q - 396 = -13*q. Calculate the greatest common factor of h and q.
4
Let u(c) = 5*c**3 + 8*c**2 - 8*c - 14. Let s be u(2). Calculate the greatest common divisor of s and 21042.
42
Let g = -4020 + 4032. Suppose -p + 10 = p. Suppose -4*i + p*w + 442 = 0, -3*w = -4*i - 5*w + 428. Calculate the greatest common factor of i and g.
12
Suppose -657 = 21*l + 897. Suppose -3*h + 4*w = -6, -3*w = 2*h - 1 - 20. Let u be h/(-18) + l/(-6). Calculate the greatest common divisor of u and 30.
6
Suppose 0 = -2*k + 3*j + 12315, 3*k + 16*j - 18399 = 10*j. What is the greatest common factor of 18 and k?
9
Suppose -3*k - 2*n + 20 = 2*n, 4*k - 3*n - 60 = 0. Suppose -4*m + k - 300 = 0. Let d = -58 - m. What is the highest common divisor of d and 2?
2
Let d(m) = -4*m**3 + 84*m**2 - 48*m + 89. Let c be d(20). Calculate the highest common divisor of 12 and c.
3
Let h = -588 - -626. Suppose -5*n - l = -1233, 0 = -n - 0*l + 2*l + 251. What is the greatest common divisor of h and n?
19
Let z(y) = -y**2 - 6*y + 9. Let t be z(-7). Suppose -t*b + 56 - 6 = -3*q, b = -q + 15. Calculate the greatest common divisor of 57 and b.
19
Let a(u) = u**3 + 13*u**2 - 14*u + 4. Let g be a(-16). Let t = g - -580. What is the highest common divisor of t and 32?
8
Let f(p) = -p**2 - 26*p + 33. Let t be (-6)/(-51) + 1383/(-51) + 0. Let n be f(t). Calculate the highest common factor of 12 and n.
6
Let v(a) be the third derivative of a**5/30 + 15*a**4/4 - 37*a**3/3 + 10*a**2 + 12. Let n be v(-46). Calculate the highest common divisor of n and 96.
6
Suppose -48 = -2*y + 2*r, 0 = -5*y - r + 107 + 13. Let j = -77 + 125. Calculate the highest common factor of j and y.
24
Let c be ((-20)/2)/(30/(-270)). Let x = c - 86. Calculate the greatest common divisor of 17 and x.
1
Suppose -d - 11 = 2*v, -2*v + 3*v + 8 = -d. Let s(u) = -u**2 + 3*u + 6. Let r be s(v). Let c = 36 + r. What is the greatest common divisor of c and 48?
24
Suppose -32733*g - 1935 = -32778*g. Let o = -598 - -942. Calculate the highest common divisor of g and o.
43
Suppose 0 = 41*w + 1028 - 8244. Suppose 2*k + 4*y - 6 = 6, 5 = -y. Calculate the greatest common divisor of k and w.
16
Let z(s) = 5*s - 369. Let u be z(82). Calculate the highest common factor of u and 1927.
41
Suppose -4*u - 1 = 3. Let n be (2 + -3 + 0)/u. Let c = 14777 + -14768. Calculate the highest common divisor of n and c.
1
Let g(s) = -s**3 + 6*s**2 - 10. Let q be g(6). Let c be (-4 + (-25)/q)*32*-2. What is the highest common divisor of c and 624?
48
Let o be (4 - 6) + 204/4. Let u be 3/(15/2450) + 3. Let x = u + -297. Calculate the greatest common factor of x and o.
49
Let j be (-1 + 3 + 1)*4526/93. Let m = j + -107. Calculate the highest common divisor of m and 6.
3
Let w(g) = -g**2 + 6*g + 33. Let i be w(10). Let j = i - -24. What is the greatest common factor of 306 and j?
17
Suppose 5*c = j - 101 + 18, -3*j - 4*c = -154. Suppose -171*l + 310*l = 44341. Calculate the highest common factor of l and j.
29
Let b = -108 + 106. Let m be 530/25 - b/(-10). Calculate the highest common divisor of 7 and m.
7
Let i = -28 + 28. Suppose 4*m - 4*b + 6*b - 64 = i, 2*m - 5*b - 44 = 0. Let a = 16 + m. What is the greatest common factor of a and 363?
33
Let i(d) = 104*d**2 + 10*d + 11. Let n be i(-1). Calculate the highest common divisor of n and 231.
21
Let x = -62563 - -62569. Let f = 7 + 8. What is the greatest common factor of x and f?
3
Suppose 0 = -37*x + 20*x + 340. Let u = 12 - 5. Let k = u + 3. What is the highest common divisor of x and k?
10
Let n(d) = -d**3 - d - 112. Let g be n(0). Let r = -10 - g. What is the greatest common divisor of 34 and r?
34
Suppose 0 = -2*k + 3*g + 4, k - 2*g - 2048 + 2050 = 0. Calculate the greatest common factor of k and 40726.
14
Suppose 6*s - 4*s - 334 = -5*i, -s = -2*i + 121. Calculate the highest common factor of 392 and i.
8
Suppose -28 = -a + 180. What is the highest common factor of a and 481?
13
Suppose -20 - 24 = -2*c. Let t be 6/2*c/22. Suppose 5*j + n = t*n + 234, j - n - 45 = 0. What is the greatest common divisor of j and 12?
12
Suppose -3*g - 814 = -25*g. Calculate the greatest common divisor of g and 1.
1
Suppose -3166 = 4*y - 2*f - 1008, 5*f + 15 = 0. Let m = 694 + y. What is the greatest common factor of m and 51?
51
Let x = -21 - -21. Suppose 4*u - a = 62, 3*u = -x*a + a + 47. Let c = -46 + 76. What is the highest common factor of u and c?
15
Suppose -5*y = -72 + 12. Suppose y*i - 39*i = -8262. Calculate the highest common divisor of 18 and i.
18
Let x be (-2)/(-3) + 399/9. Suppose -24*j = -11*j - 57*j + 31680. Calculate the highest common factor of x and j.
45
Suppose 7*f - 1003 = -44. Let t be f - -3*30/(-18). Calculate the greatest common divisor of t and 88.
44
Suppose 29*s - 64 = 27*s. Let p = s - 23. Let u(y) = 9*y - 36. Let b be u(p). Calculate the greatest common divisor of 18 and b.
9
Let z(k) = 105*k - 1400. Let b be z(23). What is the highest common divisor of 116 and b?
29
Suppose -4 = 3*s - 4. Suppose s = -88*y + 90*y - 130. Calculate the greatest common divisor of y and 26.
13
Suppose -4*q = -18 - 6. Suppose -4*p = 5*v - 3371, 3002 = 5*v + 3*p - 370. Suppose -v*f = -673*f - 120. Calculate the highest common divisor of q and f.
6
Let x = 714 + -709. Let t be x + -6 + (14 - -2). What is the greatest common divisor of t and 195?
15
Suppose -179*u - 81 = -1692. What is the greatest common divisor of u and 4014